2002002000 + 200?
102112002002200
In base 7, what is 1156064415 + 2?
1156064420
In base 8, what is -1223277113 - 1?
-1223277114
In base 10, what is -43787 + 131?
-43656
In base 2, what is -100111001111100011101 + 101001110?
-100111001110111001111
In base 10, what is 824 + -12174?
-11350
In base 14, what is -86019 - 37?
-86052
In base 5, what is 142332 + 21122120?
21320002
In base 6, what is 44145 + 45124?
133313
In base 3, what is 110201111002 + 2022011?
110210210020
In base 9, what is 1748827 - 6?
1748821
In base 6, what is -1 + -44130223?
-44130224
In base 2, what is 100 - 11000010101011110010?
-11000010101011101110
In base 6, what is -220203 + 320415?
100212
In base 3, what is 1221201200012 + -202?
1221201122110
In base 8, what is -1 - -14234320?
14234317
In base 8, what is -3 + 534163617?
534163614
In base 9, what is -175447 - -110?
-175337
In base 9, what is 42713211 + 14?
42713225
In base 16, what is 12 - 67ab20?
-67ab0e
In base 4, what is 3000 + 3031032332?
3031101332
In base 8, what is -532566735 + -3?
-532566740
In base 3, what is -11110020 + 2211110?
-1121210
In base 13, what is -2 - 34952033?
-34952035
In base 6, what is 1323322124 + -5?
1323322115
In base 10, what is 28218374 - 16?
28218358
In base 13, what is -6a33 - -2a82?
-3c81
In base 2, what is 1010 + 10101010000100101011110?
10101010000100101101000
In base 16, what is -8f54 + 1dd?
-8d77
In base 16, what is 17 + -2a47ed?
-2a47d6
In base 4, what is -3200000 - 33032?
-3233032
In base 13, what is 47 - 3751ac?
-375165
In base 16, what is -34853 + 0?
-34853
In base 11, what is -612 + -2171?
-2783
In base 16, what is 3b1 + c901?
ccb2
In base 12, what is 2704540 + 8?
2704548
In base 15, what is a58 - -62e?
1187
In base 11, what is 120969224 + 2?
120969226
In base 15, what is 2ede11 + -6?
2ede0a
In base 8, what is 462076 - -2067?
464165
In base 10, what is 5453 + -4112?
1341
In base 14, what is -846 + -480b?
-5253
In base 2, what is -100101001110 + -1001110011001110?
-1010011000011100
In base 4, what is -1121311130203030 + 0?
-1121311130203030
In base 12, what is -6a0b9 - -181?
-69b38
In base 15, what is 420 - 940d?
-8edd
In base 16, what is -103 - -c1d62?
c1c5f
In base 16, what is 5 - -4bf7e21?
4bf7e26
In base 2, what is -11010010 + -11001000110000100?
-11001001001010110
In base 8, what is 51043 - -325?
51370
In base 6, what is -131522 + -2014512?
-2150434
In base 12, what is -26 + 2a087?
2a061
In base 13, what is 1b463 + -96?
1b39a
In base 13, what is -8131cabc + 1?
-8131cabb
In base 10, what is 81637 + 6?
81643
In base 6, what is -233 + -113014?
-113251
In base 2, what is 10 - -1110100001000110110?
1110100001000111000
In base 9, what is -6251146 + 5?
-6251141
In base 10, what is 1510691 - -38?
1510729
In base 11, what is -8299 + -12?
-8300
In base 15, what is 3 + 1484a43d?
1484a441
In base 7, what is 1402 - -331403?
333105
In base 7, what is -6516 + -11546?
-21365
In base 4, what is -1230111311 + -313?
-1230112230
In base 13, what is 43667 + 7?
43671
In base 3, what is 21121021002 + 121102?
21121212111
In base 7, what is 1240462443 + 2?
1240462445
In base 5, what is 42021302030 + -10?
42021302020
In base 10, what is 680 - -19330?
20010
In base 2, what is -1100010100 + 1011011000011?
1001110101111
In base 12, what is -215822 - -4?
-21581a
In base 16, what is a3 - -de4d?
def0
In base 3, what is -12 - -21010001112010?
21010001111221
In base 11, what is 259 - -3513?
3771
In base 5, what is -1220440 + -141213?
-1412203
In base 6, what is -145354015 + 232?
-145353343
In base 14, what is -2a33681 - -4?
-2a3367b
In base 9, what is 1 - 260617284?
-260617283
In base 7, what is 4 + 46362034?
46362041
In base 14, what is -415 - -bb80?
b769
In base 7, what is 134 - 10225314?
-10225150
In base 8, what is 520016 + -3545?
514251
In base 16, what is -1 + 15832ea?
15832e9
In base 15, what is 16dd - b5b5?
-9dc7
In base 5, what is -13202 + 123401?
110144
In base 14, what is d1c5c5 - -37?
d1c61c
In base 5, what is 12420343114 + -1?
12420343113
In base 11, what is -a228a10 - 3?
-a228a13
In base 12, what is -13a8639 - -13?
-13a8626
In base 8, what is -52 - -3405414?
3405342
In base 9, what is 36356706 + 10?
36356716
In base 4, what is 1301003 - 1310230?
-3221
In base 10, what is 228593358 + -3?
228593355
In base 15, what is 2667 - -8b57?
b2be
In base 13, what is -92701a20 - 2?
-92701a22
In base 10, what is 126155 - 1384?
124771
In base 6, what is -3 - -10244533?
10244530
In base 3, what is 2120210111221101 + 0?
2120210111221101
In base 6, what is 34522 - -5343?
44305
In base 3, what is -1021001 - -2020102001?
2012011000
In base 15, what is 83c - -1343?
1b80
In base 12, what is a0719a58 + 2?
a0719a5a
In base 3, what is 2 + -21022122202121?
-21022122202112
In base 10, what is -78070861 + -4?
-78070865
In base 12, what is -43 - -532b1?
5326a
In base 2, what is 110111010001010010100101 + 10?
110111010001010010100111
In base 11, what is -a6 - 99?
-194
In base 4, what is -2 + 1121010222302?
1121010222300
In base 8, what is -657773707 - 1?
-657773710
In base 12, what is -45 + 19a618b?
19a6146
In base 8, what is 0 + 70242373?
70242373
In base 7, what is 320016341 + -2?
320016336
In base 7, what is 406553 - -1134?
411020
In base 7, what is -110126 + -10164?
-120323
In base 4, what is 1123122300000 - -1?
1123122300001
In base 6, what is 153025004 + 0?
153025004
In base 12, what is 8a3b4a + -2?
8a3b48
In base 9, what is -2 + -523087014?
-523087016
In base 2, what is -1011000010 + 1000101100110001?
1000100001101111
In base 4, what is 100102 + -10003?
30033
In base 15, what is a79e6 - 3e?
a79a7
In base 9, what is 1 - -5067185?
5067186
In base 14, what is 134b99c - -12?
134b9b0
In base 4, what is 231300103 + 10221?
231310330
In base 3, what is 12101011011010011 + 0?
12101011011010011
In base 16, what is -4bf1 + aa9?
-4148
In base 6, what is 443141 + 14304?
501445
In base 14, what is -3d136 + -3064?
-4219a
In base 15, what is -2 + 26172339?
26172337
In base 7, what is -6512001 + -26?
-6512030
In base 8, what is 7331240 + 56?
7331316
In base 14, what is 4 - -5ba02a7?
5ba02ab
In base 9, what is -1686477 + 8?
-1686468
In base 14, what is 4 - 354c8c4?
-354c8c0
In base 2, what is -1100001000111010111 - -11100?
-1100001000110111011
In base 2, what is -100 - -1001010101111000011010000?
1001010101111000011001100
In base 2, what is -11101101010 + 101111100110?
10001111100
In base 12, what is -2315 + -2146?
-445b
In base 2, what is 111 - -1011111000110000010111010?
1011111000110000011000001
In base 15, what is -351 - 3ad4?
-3e35
In base 9, what is -1 + -452120?
-452121
In base 12, what is -1304 + 14b090?
149988
In base 13, what is 5 - -1cc159ac?
1cc159b4
In base 12, what is 115 - -3338?
3451
In base 2, what is -1110111010000110 + 10101111111101?
-1100001010001001
In base 8, what is -1 + -347172717?
-347172720
In base 8, what is -21503234 - 264?
-21503520
In base 5, what is 4 + 31332034341?
31332034400
In base 8, what is -312 + -400412?
-400724
In base 5, what is -13041 + 12440?
-101
In base 6, what is 1235514 - 123?
1235351
In base 9, what is 0 - 1138506?
-1138506
In base 9, what is -402534 - -24?
-402510
In base 3, what is 1011221110 - 21101?
1011200002
In base 3, what is 12 - -22222022101002?
22222022101021
In base 9, what is 1434 + 407586?
410131
In base 16, what is -3c3e8 + -f9?
-3c4e1
In base 5, what is -2043020403 - -4?
-2043020344
In base 14, what is -31d7 - 1071?
-4268
In base 5, what is 1143422 - 24412?
1114010
In base 16, what is 6806db5 + f?
6806dc4
In base 15, what is -5ac - -d8d?
7d1
In base 13, what is -b27aa3c - 9?
-b27aa48
In base 16, what is 4b97a9b - 0?
4b97a9b
In base 2, what is 1010000 - 11011000?
-10001000
In base 2, what is 11 - -11101000111001010001000?
11101000111001010001011
In base 7, what is 105346604 - 14?
105346560
In base 9, what is 72 + 6266655?
6266737
In base 11, what is 110668a6a + -3?
110668a67
In base 14, what is 1b23c + 1dd?
1b43b
In base 13, what is -74a + -448cb?
-45348
In base 8, what is 400336 + 310?
400646
In base 5, what is -111 + 13322020134?
13322020023
In base 2, what is -1000100000010100110 + 10110?
-1000100000010010000
In base 7, what is -25132332530 - -5?
-25132332522
In base 6, what is -15440500140 + 0?
-15440500140
In base 11, what is 209 + 3282a6?
328504
In base 14, what i